 = 3260 - 3258. Calculate the greatest common factor of d and 295.
1
Let b(q) = 12*q**2 + 3*q + 1. Let g be b(-2). Let c be (5 - 5) + (g - 0) + -3. Let w = 72 - c. Calculate the highest common divisor of w and 8.
8
Let i(p) be the third derivative of 0*p - 12*p**2 + 1/60*p**5 + 0 + 7/12*p**4 - p**3. Let d be i(-16). Calculate the highest common divisor of 2 and d.
2
Let a(g) = 48*g - 112. Let s be a(7). Calculate the highest common factor of s and 252.
28
Let b(y) = -y + 50. Let f(g) = -49. Let m(s) = -4*b(s) - 5*f(s). Let u be m(-11). What is the greatest common factor of u and 1?
1
Let g be 7/((-7)/(-46))*(-5)/(30/(-2532)). Calculate the greatest common divisor of 92 and g.
92
Let w be (-2284)/(-22) - (-42)/231. Let c be (-6)/(-16) - (-6929)/w. Calculate the highest common factor of c and 67.
67
Let i = -21456 + 27002. Calculate the greatest common factor of i and 118.
118
Let a be 3927/14*(-4)/(-6). Let l = 85 - 80. Let c be l + (9 - (4 + -1)). What is the greatest common divisor of a and c?
11
Let f = -193 - -261. Suppose -2*o = -84 + f. Calculate the greatest common divisor of o and 10.
2
Suppose 3590 = n - 5*j, -n + 0*n + 4*j = -3590. Calculate the greatest common divisor of n and 40.
10
Let b be (-4)/(-14) + 9010/70. Let o = -1694 + 1697. Calculate the highest common factor of o and b.
3
Let x(c) = 418*c + 2931. Let o be x(-7). Let d(r) = 266*r**2 - 6*r + 5. Let l be d(1). What is the greatest common divisor of o and l?
5
Let k(p) = 26*p**2 + p + 1. Let z = -52 - -59. Suppose 0 - z = 7*r. Let l be k(r). What is the highest common divisor of l and 182?
26
Suppose -11 = -2*c + c. Let m be 1002/4 - 600/(-240). Calculate the greatest common factor of c and m.
11
Let w = 266 - 294. Let y = 76 + w. What is the greatest common divisor of 240 and y?
48
Suppose 3 = 25026*x - 25021*x - 2. What is the highest common divisor of 126 and x?
1
Suppose -9*n - 303 + 1221 = 0. Let v = -42 + n. Suppose -r + 3*r - 5*m = 9, -3*r + 4*m + 24 = 0. What is the highest common divisor of v and r?
12
Let y = 531 - 133. Suppose -3*i + 5*v + 290 = 0, v = 5*i - i - y. Suppose -4*k + i = k. Calculate the highest common factor of 5 and k.
5
Let t(f) = 7*f + 6. Let i be t(5). Let a be 1376657/1599 + (-28)/(-546). Calculate the greatest common factor of a and i.
41
Let w be 2/10 - (-2308)/10. Let i be w + 0/(-2 - -5). Let h = -144 + 177. What is the greatest common factor of i and h?
33
Let r = 547 + -313. Let p be (-2356)/(-14) - (4 + r/(-63)). What is the highest common divisor of 12 and p?
12
Suppose -5*r = -4*a + 1186, -263 + 1454 = -5*r - a. Let b be 260/(-30) - -9 - r/6. Calculate the greatest common divisor of 180 and b.
20
Let b = -11774 - -21249. Calculate the greatest common divisor of b and 25.
25
Let j be 332/(-1826) + 30/(-44)*-1640. Calculate the highest common factor of j and 52.
26
Let s(p) = -4*p**3 - 1. Let l be s(-1). Let z = 2658 - 2637. Suppose -h = -z + l. What is the greatest common divisor of 72 and h?
18
Let f = -3 + 4. Suppose 12*s = 14*s - 34. Suppose -s*a = -31*a + 56. What is the greatest common divisor of f and a?
1
Let y(j) = 43*j**2 - 4*j + 7. Let o be y(3). Let z = -377 + o. What is the greatest common divisor of z and 3?
1
Let a(b) = -8*b + 156. Let k be a(-19). Let w(h) = -3*h + 1. Suppose 4*z + z + 45 = 0. Let t be w(z). Calculate the highest common factor of t and k.
28
Let v(t) = 4*t**2 - 501*t + 644. Let z be v(124). What is the greatest common factor of z and 35976?
24
Let d = 45 + -39. Suppose -d*o + 8 = -2*o. Suppose o*r - 97 = x, -3*r + 5*x = -14 - 121. What is the greatest common factor of 75 and r?
25
Let o = -163 - -215. What is the highest common factor of o and 5733?
13
Let s be 4849/(-91) - (18/(-14) + 1). Let v = s + 57. Suppose -2*x + 39 = -v*b + 477, 5*b - x = 555. Calculate the highest common divisor of 7 and b.
7
Let d be -2 - (4 + 10*3). Let u = d - -6. Let s = u - -50. What is the highest common divisor of s and 20?
20
Suppose 5*i + 51 = -2*x, -x - 3*i + 75 = -3*x. Let s = x - -39. Let p be ((-12)/(-8))/(s/56). Calculate the highest common divisor of 126 and p.
14
Suppose -5364 = 181*u - 1522*u. Suppose 0*o + 2*o = 4. What is the highest common factor of o and u?
2
Let c(m) = 28*m**3 - 6*m**2 + 5*m - 6. Let n be c(2). Let i = n - 196. What is the greatest common divisor of 88 and i?
8
Suppose 5*w + 2 = -18. Let o(r) = -41*r - 5. Let g(q) = -41*q - 6. Let m(b) = -5*g(b) + 6*o(b). Let y be m(w). What is the highest common divisor of 41 and y?
41
Let w(p) = -87*p**2 - 18*p + 19. Let z be w(1). Let o = 68 - z. Calculate the greatest common factor of o and 11.
11
Let n(v) = v**2 + 3*v + 237. Let x be n(0). Let o = -218 + x. What is the highest common divisor of o and 133?
19
Suppose 5*s = -2*s + 8295. Let c = -672 + s. What is the greatest common factor of c and 19?
19
Suppose 79 - 469 = -5*a. Suppose -8*s - 5*p - 595 = -11*s, -577 = -3*s - 4*p. Calculate the highest common factor of s and a.
39
Let j = -83 + 168. Let o = j - 40. Calculate the greatest common divisor of o and 15.
15
Let n be 60/((-1)/(-1 + 0)). Suppose 5*h - 13*q = -10*q + 819, -3*h + 489 = -3*q. What is the greatest common factor of h and n?
15
Suppose -27 + 15 = -4*n. Let l be n*(15/3 + 202). Calculate the greatest common divisor of 23 and l.
23
Suppose -3*w + 4*w = 2, 6 = 4*q - w. Suppose 10*t + q*t = -2124. Let r = t - -285. Calculate the greatest common divisor of r and 12.
12
Suppose 0 = -82*q + 78*q - 2*a + 740, -16 = 4*a. Suppose 13 - 61 = -2*h. Let r be 62/6 + 16/h. Calculate the greatest common divisor of r and q.
11
Let s be 375/10 - 6/(-4). Suppose 5*p - 4*y = -188 + 568, y - 5 = 0. Let l = p - s. What is the highest common divisor of l and 41?
41
Let a be (-6496)/((714/54 - 13) + (-11)/9). What is the greatest common divisor of a and 116?
116
Let n be (-3)/(-2)*1*(-1304)/(-489). Let w be ((-10)/30)/(n/(-2376)). What is the highest common factor of 66 and w?
66
Let d(j) = -16*j - 2. Let c be d(3). Let f = c - -78. Suppose 347 = 40*w + 27. Calculate the highest common divisor of w and f.
4
Let d(x) be the third derivative of x**6/120 - 23*x**5/60 - x**4/24 + 9*x**3 - 11*x**2 + x. Let q be d(23). Calculate the greatest common divisor of q and 248.
31
Let k = 546 + -277. Suppose -v = k - 479. What is the greatest common divisor of 70 and v?
70
Let z be (6 + (-144)/30)*-5. Let p be ((-189)/z)/(15/90). Calculate the highest common factor of 27 and p.
27
Let b(r) = r**3 + 81*r**2 - 172*r - 54. Let f be b(-82). Calculate the highest common divisor of f and 37.
37
Let i be (-2)/(-4)*(-10 + 4). Let x(b) = 12*b**2 - 12. Let r be x(i). Calculate the highest common factor of r and 12.
12
Suppose 8*n - 12 - 12 = 0. Suppose l + 2306 = 3*w, -4*w = -w - n*l - 2310. Calculate the highest common divisor of w and 24.
24
Let b(x) = -6*x - 21. Let h be b(-4). Suppose 5*j - 4*q - 30 = 0, h*j + 4*q = j + 12. Calculate the greatest common factor of j and 6.
6
Let k = 9653 - 9605. What is the highest common factor of 3324 and k?
12
Let p(s) = s**3 + 8*s**2 + 12*s - 14. Let n be p(-5). Let c(t) = 363*t**2 - 5*t + 6. Let o be c(n). What is the highest common factor of o and 28?
28
Suppose 3*n + 243 = 7*n + 5*n. What is the greatest common divisor of n and 555?
3
Suppose w = 9*w + 304. Let u = -31 - w. Let b be (-256)/(-6 + 2) - 1. What is the greatest common factor of u and b?
7
Suppose 3*l + 3 = 0, 3*h + 3*l = 20 + 7. Calculate the greatest common divisor of 56690 and h.
10
Suppose -4*m = p + 102, 3*p + 382 = -p - 3*m. Let x = p + 106. Suppose 0 = -7*s + 91 + 119. Calculate the greatest common factor of s and x.
6
Suppose n - 9 - 23 = 0. Suppose 232 = 4*r + 4*f, -3*f = 6 + 6. Suppose -r = -7*o - 6. Calculate the greatest common factor of n and o.
8
Let r = -413 - -897. Calculate the greatest common factor of r and 11.
11
Suppose 5*y + 20 - 120 = 0. Let t be (-4)/(-5)*y/8. Suppose t + 70 = 2*g. Calculate the highest common factor of g and 12.
12
Let h = -785 - -920. Let a be (-5 + 55/10)/((-2)/(-216)). Calculate the greatest common divisor of a and h.
27
Suppose 440*c = 511215 + 137785. Calculate the highest common factor of c and 250.
25
Let t(v) = 827*v + 8. Let w be t(-1). Let y = 1845 + w. Calculate the highest common factor of 38 and y.
38
Suppose 2*y - 4*v -